5
Let g(v) = -9*v**2 - 6*v - 3. What is g(1)?
-18
Let l(s) = s**2 + 21*s + 85. What is l(-15)?
-5
Let b(d) = -d - 6. What is b(-6)?
0
Let w(q) = q + 9. What is w(-9)?
0
Let s(z) = -8*z - 3. Calculate s(-1).
5
Let m(d) = -d - 8. Calculate m(0).
-8
Let h(x) = -x**3 - 2*x**2 + x - 3. Calculate h(-2).
-5
Let t(s) = -s**3 + 2*s**2 - s - 2. Calculate t(-1).
2
Let j(w) = -3*w + 24. Give j(11).
-9
Let b(r) = r**3 + r**2 - r + 7. Determine b(-5).
-88
Let s(b) = b**3 - 14*b**2 - 16*b + 28. Give s(15).
13
Let j(v) = -v**2 - 13*v - 7. Calculate j(-14).
-21
Let v(q) = 5*q + 153. Give v(-29).
8
Let o(i) = i**3 + 12*i**2 + 20*i + 11. What is o(-10)?
11
Let r(j) = -j**3 - 2*j**2 + 11*j - 14. Determine r(-5).
6
Let y(t) = t**3 - 10*t**2 + 14*t + 14. Determine y(8).
-2
Let m(s) = s**2 - 12*s + 13. Determine m(9).
-14
Let x(q) = -q**3 + q**2 - 3*q + 8. What is x(0)?
8
Let z(a) = a**3 - 11*a**2 + 11*a - 5. Give z(10).
5
Let x(t) = t - 22. Give x(-6).
-28
Let d(w) = w**2 + 24*w + 71. Calculate d(-21).
8
Let l(n) = -n**3 + 2*n**2 - 4*n + 1. Give l(2).
-7
Let p(a) = a**3 + 8*a**2 + 3*a + 23. Calculate p(-8).
-1
Let o(k) = -2*k**3 - 2*k**2 + k + 1. Give o(2).
-21
Let k(r) = r**3 - r**2 + 2. What is k(0)?
2
Let g(s) = 3*s**3 - 15*s**2 + 15*s - 5. What is g(4)?
7
Let r(w) = -w**3 + 12*w**2 - 2*w + 16. Calculate r(12).
-8
Let y(n) = 2*n + 41. Determine y(-17).
7
Let i(k) = -k**3 - 5*k**2 - 8*k. What is i(-4)?
16
Let w(i) = -2*i**3 - 4*i**2 + 10*i - 11. Give w(-4).
13
Let k(y) = -y**2 - 5*y + 6. Determine k(-7).
-8
Let u(b) = b**3 + 7*b**2 - 6*b - 3. Calculate u(-9).
-111
Let o(a) = a**3 + 4*a**2 - 6*a + 1. Determine o(-5).
6
Let b(d) = 54*d + 1. Determine b(1).
55
Let r(n) = 12*n + 3. Calculate r(-5).
-57
Let f(o) = -o**3 + 2*o**2 + 5*o - 5. Calculate f(2).
5
Let q(w) = -w - 27. Determine q(-19).
-8
Let w(b) = -b**2 - 29*b - 12. Give w(-29).
-12
Let z(v) = v**3 - 10*v**2 + 14*v + 1. Give z(6).
-59
Let v(s) = 11*s + 275. Give v(-25).
0
Let d(g) = -10*g - 179. Determine d(-19).
11
Let r(f) = -3*f - 51. Calculate r(-18).
3
Let g(i) = 2*i**2 - 10*i - 53. Determine g(8).
-5
Let p(y) = -y**2 + 7*y + 39. What is p(12)?
-21
Let m(b) = b**3 - 3. Determine m(0).
-3
Let t(m) = -30*m - 374. What is t(-12)?
-14
Let h(r) = r**2 + 10*r + 13. Determine h(-11).
24
Let h(m) = m**3 - 12*m**2 + 2*m - 9. Calculate h(12).
15
Let q(k) = -12*k + 51. Calculate q(4).
3
Let o(g) = g**3 - 18*g**2 + 13*g + 20. Calculate o(17).
-48
Let z(a) = -a**3 - 15*a**2 - 13*a - 13. Determine z(-14).
-27
Let s(c) = -5*c + 23. Determine s(7).
-12
Let u(z) = z**2 + 28*z - 97. What is u(3)?
-4
Let g(o) = -o**2 - 85*o + 358. Determine g(4).
2
Let f(u) = -u**2 + 4*u - 12. What is f(11)?
-89
Let x(w) = -w**3 + 21*w**2 + w + 5. Calculate x(21).
26
Let k(a) = -2*a**2 + a + 3. Determine k(3).
-12
Let g(f) = -f**3 - 12*f**2 + 14*f + 16. Determine g(-13).
3
Let d(o) = -3*o + 16. Give d(-16).
64
Let y(s) = s**3 - 12*s**2 + 5*s + 19. What is y(11)?
-47
Let i(f) = -f + 8. Determine i(10).
-2
Let b(n) = n**3 - 8*n**2 - n - 11. Calculate b(8).
-19
Let g(h) = h - 4. Calculate g(5).
1
Let s(z) = 2*z + 41. Give s(-10).
21
Let t(o) = o**2 + 9*o + 6. Calculate t(-7).
-8
Let f(b) = 2*b**2 - 3*b - 5. Determine f(-2).
9
Let f(y) = 5*y + 10. Calculate f(-6).
-20
Let u(d) = -d**3 - 2*d**2 + 9*d + 24. Determine u(-4).
20
Let i(a) = -a + 20. Give i(11).
9
Let m(u) = u**3 - 6*u**2 - 4*u - 8. Determine m(7).
13
Let r(i) = 8*i**2 + 2*i + 2. What is r(-2)?
30
Let c(x) = x + 13. What is c(0)?
13
Let a(m) = -24*m**3 + m**2 + m - 1. What is a(1)?
-23
Let h(y) = y**2 + y - 69. What is h(-9)?
3
Let x(k) = -7*k - 5. Give x(4).
-33
Let d(k) = 16*k**2 + 7*k + 2. Determine d(-2).
52
Let q(z) = z**3 - 8*z**2 - 8*z - 3. Calculate q(9).
6
Let d(b) = b**3 - 7*b**2 + 5*b - 5. What is d(5)?
-30
Let n(s) = 3*s - 2. Give n(4).
10
Let c(l) = -l**3 - 4*l**2 + 6*l - 6. Determine c(-5).
-11
Let q(s) = 4*s - 65. Determine q(15).
-5
Let x(g) = -g**3 - 36*g**2 - 68*g - 6. Give x(-34).
-6
Let q(y) = -7*y**2 - y - 1. Calculate q(-1).
-7
Let x(k) = k**2 - 3*k - 3. Determine x(5).
7
Let m(x) = -x**3 + 12*x**2 - 15*x + 4. Determine m(11).
-40
Let s(u) = u**3 + 7*u**2 - 24*u - 124. Calculate s(-8).
4
Let p(d) = d**2 + 8*d - 48. Give p(-12).
0
Let s(v) = v**3 - 4*v**2 + 2*v + 2. Calculate s(2).
-2
Let s(j) = j**3 + 3*j**2 - 23*j - 86. Give s(-5).
-21
Let a(y) = -5*y - 17. Calculate a(-5).
8
Let i(y) = 3*y + 96. Determine i(-17).
45
Let y(u) = -8*u**2 - 2*u + 5. Give y(-3).
-61
Let d(o) = 15*o + 3. What is d(2)?
33
Let n(m) = -36*m**2 + 1. Determine n(1).
-35
Let i(w) = -25*w + 2. Calculate i(-3).
77
Let a(p) = -11*p - 10. Give a(-4).
34
Let a(n) = 3*n**2 + 4*n - 6. Give a(-3).
9
Let o(g) = g**3 + 7*g**2 - 10*g - 10. Determine o(-8).
6
Let n(b) = 23*b + 1911. Calculate n(-83).
2
Let j(r) = r**2 - 5*r - 23. Calculate j(7).
-9
Let j(l) = 2*l + 9. What is j(-11)?
-13
Let k(r) = -r**3 - r - 2. What is k(0)?
-2
Let w(c) = -c**3 - 11*c**2 + 80*c - 1. Give w(-16).
-1
Let g(x) = -5*x - 164. What is g(-34)?
6
Let k(m) = -m**3 - m**2 + 2*m - 12. Calculate k(-3).
0
Let j(s) = 2*s**3 - 19*s**2 + 11*s - 10. Determine j(9).
8
Let i(f) = 3*f**2 - 3*f - 19. Determine i(6).
71
Let b(n) = n**3 + 6*n**2 - 20*n - 32. Determine b(-8).
0
Let j(n) = 2*n**3 - 25*n**2 + 20*n - 55. Determine j(12).
41
Let c(l) = 8*l + 66. Calculate c(-14).
-46
Let i(d) = -d**2 - 2*d + 22. Determine i(0).
22
Let b(t) = -4*t**2 + 26*t + 28. Calculate b(-1).
-2
Let a(m) = -4*m + 52. Calculate a(10).
12
Let q(m) = -15*m - 8. What is q(-3)?
37
Let f(p) = -p**3 - 8*p**2 - 7*p - 11. What is f(-7)?
-11
Let p(z) = -z**3 + 7*z**2 + 15. Calculate p(7).
15
Let s(q) = q**3 - q**2 + 2*q - 3. Calculate s(2).
5
Let x(l) = 20*l**3 + 3*l**2 + 2*l. Calculate x(-1).
-19
Let l(s) = s**3 + 10*s**2 + 11*s + 7. Determine l(-9).
-11
Let h(l) = l + 4. Give h(3).
7
Let q(u) = -u**3 - 9*u**2 + 8*u - 20. Give q(-10).
0
Let z(m) = m**2 - 9*m + 4. Give z(7).
-10
Let r(g) = -7*g - 50. Determine r(-8).
6
Let i(f) = -2*f**3 + 66*f**2 + 67*f + 33. Determine i(34).
-1
Let j(w) = 2*w**2 + 15*w. Calculate j(7).
203
Let n(p) = -p**2 + 25*p + 258. Determine n(33).
-6
Let z(o) = 19*o + 17. Determine z(-2).
-21
Let b(p) = -p**2 + 2*p + 25. Calculate b(-4).
1
Let z(m) = -m**2 - 10*m - 9. Calculate z(-7).
12
Let i(o) = -o - 47. What is i(-24)?
-23
Let p(o) = -25*o - 321. Determine p(-13).
4
Let g(d) = -d**3 - 7*d**2 - 7*d - 2. What is g(-6)?
4
Let o(b) = -14*b + 2. Determine o(-6).
86
Let y(f) = 2*f + 22. What is y(-8)?
6
Let q(y) = 18*y**3 + 2*y**2 - y - 2. Calculate q(1).
17
Let h(o) = 2*o**3 - 2*o**2 - 2*o. What is h(2)?
4
Let o(r) = 2*r + 14. What is o(3)?
20
Let s(y) = -y**2 + 8*y + 21. What is s(10)?
1
Let r(x) = 2*x**2 - 16*x - 13. What is r(9)?
5
Let b(k) = k**2 - 2*k + 1. Calculate b(3).
4
Let t(g) = g**3 + 9*g**2 - 3*g + 12. Give t(-7).
131
Let t(q) = 12*q - 572. Give t(48).
4
Let h(f) = 44*f - 116. What is h(5)?
104
Let f(q) = q**3 + 5*q**2 + q + 7. What is f(-5)?
2
Let n(o) = -2*o**2. Give n(1).
-2
Let z(x) = -110*x - 125. Give z(-1).
-15
Let n(b) = b**2 + 8. What is n(0)?
8
Let y(h) = -h - 7. Determine y(-4).
-3
Let s(b) = 9*b**2 - 108*b + 12. Calculate s(12).
12
Let n(m) = 3*m + 3. What is n(-3)?
-6
Let u(l) = 24*l. What is u(-1)?
-24
Let v(b) = 23*b + 345. What is v(-15)?
0
Let x(q) = q**2 - 12*q + 34. Determine x(8).
2
Let k(t) = -7*t + 205. What is k(34)?
-33
Let r(c) = -c**3 - 4*c**2 + c - 7. What is r(-5)?
13
Let u(b) = -b**3 + 18*b**2 + 22*b - 60. Determine u(19).
-3
Let t(p) = p**2 - 21*p + 90. What is t(15)?
0
Let o(u) = -u**3 + 2*u - 8. Determine o(0).
-8
Let p(n) = n**2 + 12. What is p(0)?
12
Let s(d) = -d**2 - 13*d - 2. Calculate s(-6).
40
Let q(x) = 14*x + 1. Determine q(2).
29
Let n(o) = o**3 - 23*o**2 - 2*o + 12. Give n(23).
-34
Let w(s) = s**2 - 4*s - 7. Calculate w(4).
-7
Let s(q) = -33*q**2 - 131*q + 6. Give s(-4).
2
Let z(r) = 6*r**3. Calculate z(1).
6
Let g(c) = -3*c**2 + 41*c - 16. Give g(14).
-30
Let m(t) = -t**2 - 4*t + 1. Give m(-3).
4
Let q(x) = -6*x**2 - 3*x - 2. Give q(-1).
-5
Let y(r) = r**3 + 8*r**2. Calculate y(-8).
0
Let p(x) = -x**3 + 57*x**2 + 56*x + 116. What is p(58)?
0
Let t(u) = -u**2 - 2*u + 7. Calculate t(5).
-28
Let b(d) = -d**2 - 5*d - 6. Give b(-5).
-6
Let m(y) = -8*y - 17. Give m(3).
-41
Let s(a) = 